at is the units digit of h(3)?
1
Let y = 89 - 34. Suppose t - 6*t = -y. What is the units digit of t?
1
Suppose 9 = n + 2*n. Suppose n*z = -2*u + 10, -2*z + 2 = u - 4. Suppose 4*p + 0*d = -z*d + 36, -2*p + 4*d + 18 = 0. What is the units digit of p?
9
Let w(x) = x - 5. Let p = -10 - -18. Let m be w(p). Suppose -m*a + 42 + 6 = 0. What is the tens digit of a?
1
Let j(q) = -q**3 - 10*q**2 + 5. What is the units digit of j(-10)?
5
Let x(h) = 5*h**2 + h - 4. What is the tens digit of x(3)?
4
Let r(b) = -5*b - 6. Let k be r(-5). Suppose 5*w = 179 - k. What is the tens digit of w?
3
Suppose -5*p - 3*u + 337 = 78, 0 = -3*p - u + 153. What is the tens digit of p?
5
Let j(x) = 4*x**2 - 2*x - 2. Let a(q) = 2*q**2 - q - 1. Let i(k) = 7*a(k) - 3*j(k). Let z be i(-1). Suppose -z*g + 2 = -14. What is the units digit of g?
8
Let k(p) = p. Let v be k(-5). Let b(t) = 6*t - 24. Let f be b(5). Let i = v + f. What is the units digit of i?
1
Let q(i) = i**3 + 14*i**2 - 2*i - 6. What is the tens digit of q(-14)?
2
Let k(g) = -4 + 1 - 3 + 7*g**2 - 2*g - 3*g - g**3. What is the tens digit of k(5)?
1
Let d = 71 + -39. What is the tens digit of d?
3
Let f be ((-20)/70)/(2/(-28)). Suppose -d - f = -30. What is the units digit of d?
6
Let h = -12 + 15. Suppose h*j = 4*j - 33. What is the tens digit of j?
3
Suppose -s = -5*v + 2, -2*v + 6*v + s - 7 = 0. What is the units digit of v?
1
Suppose -6*u = -2*u - 48. Suppose o = -o + u. What is the units digit of o?
6
Let t = 11 - 9. Suppose -1 = q + t. What is the units digit of 4/(4/q) + 9?
6
Let q(t) = t**3 + 5*t**2 + 2*t. Let l be q(-4). Suppose 5*f + l = -22. Let n(g) = -g**2 - 6*g + 2. What is the units digit of n(f)?
2
Let b be -3 + 2/2*-1. Let x be (-7 - 1) + 0/b. What is the units digit of (-3)/(-12) - 46/x?
6
Let i(g) = -g - 7. Let u be i(-9). Let w(b) = 2*b - 6*b + b - u. What is the units digit of w(-2)?
4
Suppose 2*a - 10 = -3*a. Suppose -4*r = -5*q + 118, -q = -a*q - 3*r + 16. Suppose -5*y + q = -73. What is the tens digit of y?
1
Suppose 2*f + 2*f = 16. Suppose 0 = f*q - 184 + 40. What is the tens digit of q?
3
Let w be 1*2*(9 - 7). Suppose -5 = -2*a - y, -4*a + 3*y - 7*y = -w. What is the units digit of a?
4
Suppose 0 = -2*v - 4*r - 4, -2*v + 4*r = -0*r - 36. Suppose 4 = 4*l - v. Suppose w - 48 = -l*w. What is the tens digit of w?
1
Let a = 3 + -1. Suppose -a*t = t - 27. Let u = t + -4. What is the units digit of u?
5
Let i = 77 - 41. What is the tens digit of i?
3
Suppose -3*s = -4*q - 34, 0*s - s - 5*q = -24. Suppose -s = 2*l - 2. Let a = l - -8. What is the units digit of a?
2
Suppose 3*q + 6 = 2*q. Let h(d) = -d**2 - 9*d - 8. What is the units digit of h(q)?
0
What is the units digit of 1 + 31 + 3 + 4?
9
Let t be 4/(1 - 0) + 0. Suppose -t*a + a + 66 = 0. What is the tens digit of a?
2
Suppose 0 = -5*c + 7 + 3. Suppose -4*i = l + i - 34, 0 = -c*l - i + 68. What is the tens digit of l?
3
Suppose -3*p + 24 = -27. Suppose -2*s + l + 54 = 0, 3*s - 83 = 2*l - 0*l. Let f = s - p. What is the units digit of f?
8
Suppose 38 = 3*t + 8. What is the tens digit of t?
1
Suppose -2*j + 0*j = -6. Suppose -2*v + j*a = v - 66, 4*v - 48 = -4*a. Suppose -4*d - 2*y = 3*y - 8, -3*d - y + v = 0. What is the units digit of d?
7
Suppose -5*l = -4*d + 415 - 20, 0 = 5*d - 5*l - 490. What is the tens digit of d?
9
Let j(f) = -8*f. Let l be 2/5 + (-126)/(-35). Let x = l - 5. What is the units digit of j(x)?
8
Let y(j) = 5*j - 20. Let s(g) = -g + 5. Let b(a) = -18*s(a) - 4*y(a). What is the units digit of b(-9)?
8
Let r = -1 - -6. Let h = r + -1. What is the units digit of (-13 - -1)*(-2)/h?
6
Let z(m) = -9*m**3 + m - 1. Let f be z(1). What is the units digit of 6/(-27) - 182/f?
0
Let y(w) = -w**2 + 7*w - 7. Let n be y(6). What is the units digit of (n - 36/(-4)) + -1?
7
Suppose h + 0 = 3. What is the units digit of h?
3
Let t(r) = 3*r - 7. Suppose 5*c - 4*c = 7. What is the units digit of t(c)?
4
Suppose 38 = s - 5*u, -2*s - 3*u + 7 = -30. What is the tens digit of s?
2
Suppose -4 = 2*c - 5*f + f, -2*f = -2*c - 2. Let o = c - -13. What is the tens digit of o?
1
Suppose 3*x + 0*x - 2*u = 333, -4*u + 206 = 2*x. What is the units digit of x?
9
Let h(f) be the second derivative of f**3/6 - 3*f. What is the tens digit of h(14)?
1
Suppose 0*i = -5*i + 140. What is the tens digit of i?
2
Suppose -164 = -8*v + 4*v. What is the tens digit of v?
4
Let v = 8 - 1. Suppose v*h + 4*m - 34 = 4*h, 48 = 5*h - 2*m. Let j = h + 5. What is the units digit of j?
5
Let w(l) = -l**2 + 6*l - 1. Let r be w(5). Suppose -v - 51 = -r*v. What is the tens digit of v?
1
Let w be -60*2/(-9)*-69. What is the tens digit of (-2)/(-8) - w/32?
2
Suppose -442 = -5*n - 22. What is the tens digit of n?
8
Let u = 1 + 0. Let s = 5 - u. Let x = s - -1. What is the units digit of x?
5
Let j(x) = x**2 - 2*x - 5. Let u be j(5). Suppose -3*c + u = 4. What is the units digit of c?
2
Suppose 2*k = -0*k + 68. What is the units digit of k?
4
Suppose x + 16 = 5*x. Suppose -x = 4*i, -5*i + 2 = o + 6. Let c = o + 2. What is the units digit of c?
3
Suppose -12*h + 1232 = -h. What is the tens digit of h?
1
Let k(w) = w**3 - 4*w**2 + 3*w + 4. Let f be k(3). Let q = -3 - -3. Suppose q = r + r - f. What is the units digit of r?
2
Let m be 0/(-1 + 3) + 40. Let t = m + -22. What is the tens digit of t?
1
Suppose -3*y - 50 = 10. Let r be 16/y*(-10)/4. Suppose n = -2*i - 3*i + r, -3*n + 5*i = -6. What is the units digit of n?
2
What is the tens digit of 1 - (4 - -1) - -2*74?
4
What is the units digit of 1/2*(-12)/(-2)?
3
Let g = 11 - -8. Let r = g + -6. What is the units digit of r?
3
Let i(f) = f**2 - 4*f. What is the tens digit of i(6)?
1
Let h = -4 - -5. Let i be h/(-2)*(-4 - -4). Suppose i = -5*x + 57 - 2. What is the units digit of x?
1
Suppose -6*l + 100 = -l. Suppose 0 = -0*d + 2*d - l. What is the tens digit of d?
1
Suppose 3*x - 48 = -j - x, 2*x = 5*j - 350. What is the tens digit of j?
6
Let o(m) = 2*m - 3. Let f be o(2). Suppose 6 = 6*j - 0*j. Suppose -k + f = -j. What is the units digit of k?
2
Let r(u) = -76*u**3 - 2*u**2 - 2*u. What is the tens digit of r(-1)?
7
Let f(p) = -p + 4. Let b be f(4). Let n = b - -2. What is the units digit of n?
2
Let o be 1 + 9*(-16)/(-12). Suppose -2*g = -21 - o. What is the units digit of g?
7
Suppose 5*x - 15 - 25 = 5*r, -10 = -x + 3*r. Let v = x - 5. What is the units digit of v?
2
Suppose -5 = -5*d, 7*i - 5*d = 9*i - 121. What is the tens digit of i?
5
Let h = 91 + -46. Suppose -5*p + 60 = 5*m, 4*m = -m - 2*p + h. Let y = m + -4. What is the units digit of y?
3
Suppose 15*s - 4361 = 634. What is the tens digit of s?
3
Let l be 0 + 1/((-1)/6). Let y(q) = q**3 + 8*q**2 + 10*q + 8. What is the tens digit of y(l)?
2
What is the units digit of 16 - 3*-1*(-8)/12?
4
Suppose 3*j = -3*s + 6, 5*s + 3*j - 6 = 2*j. Let k be -2*3/(-2) + s. Suppose -14 = -k*h + 62. What is the units digit of h?
9
Let u(i) = i**2 + 6*i - 1. Suppose -4*a + 12 = 0, 2*d - 5*a = 5*d + 6. Let s be (d/2)/((-2)/(-4)). What is the units digit of u(s)?
6
Let f be (18 + 0)*(1 - 0). Let k be ((-2)/(-6))/(3/f). Suppose 0 = k*d - 6*d + 20. What is the units digit of d?
5
Suppose -5*s + 274 = 94. What is the tens digit of s?
3
Suppose 0 = -2*s + 3*t + 8, -4*t = -5*s + 2*s + 12. Suppose s*u = 75 + 37. What is the units digit of u?
8
Suppose 4*k = 3*q, 34 = 3*q + 5*k + 7. Suppose -3*d + 0 = -6, -q*z + 38 = 3*d. What is the units digit of z?
8
Suppose 4*c - 5*c = 5*j - 44, -2*j - 2 = 0. What is the units digit of c?
9
Suppose 260 = h + a, -h - 3*a = -309 + 43. What is the tens digit of h?
5
What is the units digit of (-584)/(-10)*120/48?
6
Suppose 4 = q + 1. Suppose o + 24 = q*o. What is the units digit of o?
2
Let y = -5 + 9. Suppose -3*a = -t - 3, a + 2 = y*t - 8. Suppose -f + 39 = a*f. What is the tens digit of f?
1
Let x(d) be the first derivative of d**3/3 + 2*d**2 + d + 1. What is the units digit of x(-5)?
6
Suppose -1 = -a + 1. Let r(z) = 0*z**3 + 8 + 5*z**a - z**3 - 6*z + 2*z**3. What is the units digit of r(-6)?
8
Let u(d) = d**2 - 10*d + 12. Let r be u(9). Suppose 3*n + 1 = 4*n, 2*n - 32 = -5*y. Let i = y - r. What is the units digit of i?
3
Let s = -513 - -841. What is the units digit of s?
8
Let g(i) = -2*i**3 + 3*i**2 + 3*i + 1. Let y be g(-1). Suppose 0 = 2*u + 3*u + y*l - 84, -u +